+ -14 + -17.
-20
Evaluate 2 - -14 - (13 - -7) - (-18 - 1).
15
Calculate (13 - 4 - 10) + 9 - 6.
2
Calculate -1 + 16 + (-24 - 0).
-9
What is the value of -11 + 7 + (-1 + 2 - -10 - 5)?
2
Calculate -42 + 1 - (183 - 183).
-41
What is the value of (1 - (-6 + -3 + 1)) + -1?
8
What is the value of 7 + 11 + -3 + -6?
9
What is 23 - (-4 + 9) - (2 - -1 - 0)?
15
Evaluate 7 - (9 + (-1 - 4) - -5).
-2
Evaluate 22 + (-18 - -7) + -31.
-20
Calculate 8 - (14 - 1) - 2.
-7
Calculate -1 + (-13 - -2 - -17).
5
Calculate 5 - (-10 + -5 + -3).
23
What is the value of 8 + (40 + -1 - 75)?
-28
Calculate 17 + (46 - (37 - -14)).
12
What is the value of -9 + 18 + 17 + -14?
12
-8 + (-7 - -21 - 6)
0
Evaluate -23 - (-14 - -5 - (22 + -25)).
-17
What is 11 + 0 - ((-2 - 3) + -3)?
19
Calculate 8 + 2 + (-3 - 12).
-5
Calculate -35 - -51 - 11 - (-15 - -1).
19
What is the value of (56 + -40 - 23) + (-7 - (0 - -2))?
-16
Evaluate (8 - (4 + -8) - (-1 - -8)) + -16.
-11
Evaluate (-55 - (-38 + 8)) + -6.
-31
Evaluate 0 + 14 + 3 - (8 + 0).
9
-218 + 213 - (-6 + -3)
4
Calculate -4 + (-41 - -34) + (-3 - -13) + -8.
-9
What is the value of -9 + (12 + -6 - 0) + -3 + -3?
-9
What is the value of (-25 - -21) + (9 - 2)?
3
35 + (-5 - ((16 - -2) + -8))
20
(-5 - (-4 - (-2 + -4))) + 22
15
Calculate (-2 - (1 + -2)) + -26 + (-17 - -22).
-22
What is the value of (26 - 15) + -4 - -5?
12
Calculate -8 + 20 - (3 + 7 + -18).
20
What is the value of 3 - 8 - (38 + -55)?
12
Calculate -1 + (0 - 17) - (14 + (-25 - -8)).
-15
What is -5 - (7 - (1 + 28 + -5 - 1))?
11
What is the value of (30 + -53 - -17) + (-1 - (0 + -3))?
-4
What is the value of -3 + -25 + -30 + 68?
10
What is -1 + -6 - (-4 - (3 + 0)) - 13?
-13
-12 + (-10 - (7 - 7 - (2 + 1)))
-19
Evaluate 67 - (-18 + -24 + 73).
36
(22 - 25) + (28 - 8)
17
What is the value of (-227 - -216) + (13 - 1)?
1
What is 0 - 5 - 2 - (-2661 + 2656)?
-2
What is the value of -8 + 4 + 1 + (22 - (18 + -8))?
9
Calculate 58 + -6 - 37 - (-2 - -1).
16
What is the value of 10 + -9 + (-8 - 0)?
-7
What is the value of 37 - ((2 - -1) + -10 - (-36 - -26))?
34
6 + (2 - 15) + 10
3
-6 + 12 + 13 + -20
-1
6 - (-1 + (-1 - 1) + 6) - -3
6
0 + 1 - (39 + (-47 - -26))
-17
(17 - 20) + (9 - (-9 - (1 + -8)))
8
Evaluate -11 + -11 + 18 + -1.
-5
Evaluate 9 + (-5 + 3 - 0 - (-10 + 2)).
15
-1 + 0 + 5 - (-48 - -43)
9
What is (8 - (-12 - -56)) + -23 + 33?
-26
-21 + 10 + (2 - -4) + -7
-12
-2 + -1 - -11 - (39 + -40)
9
Evaluate (32 - 3) + -31 - 23.
-25
What is the value of -45 + 57 + 2 + -5?
9
What is the value of -22 - 2 - (-7 + -16 + 14)?
-15
(-64 + 106 - 31) + (-1 - 15)
-5
What is -15 - (12 + (-6 - 0) + -12)?
-9
Calculate -8 - 11 - (15 + -26).
-8
Calculate (0 - -4) + (13 + -4 + 0 - 15).
-2
Evaluate -8 + 2 + -1 + -5 + (-15 - -34).
7
What is 40 + -51 + (-5 - 5) + -3?
-24
Evaluate -15 - (-19 + 4) - (-32 + 4).
28
13 + -7 - -7 - 2
11
What is (4 - (6 - 3 - -8)) + 15 - 25?
-17
Calculate 5 + -7 + (-3 - 6).
-11
What is -4 + (-1 - -2) + 6 - (-736 + 739)?
0
What is the value of (15 - -13 - 3) + (-12 - -8)?
21
Calculate -177 + 192 - ((1 - -11) + 1).
2
Calculate (0 - (-8 - -3)) + 5 - (-54 + 90).
-26
-5 + 1 - (11 - (-2 + 12 + -3))
-8
Calculate 2 + -19 + (-4 - 2 - (348 - 352)).
-19
Evaluate (115 - 100) + 2 + -4.
13
Evaluate ((-11 - -4) + 5 - (-4 + -1)) + -2.
1
Evaluate 7 - 10 - 6 - (2 + 7 + -2).
-16
What is 16 - (-4 + (-1 + 12 - 6))?
15
-2 + (4 - ((6 - -2) + -1))
-5
What is the value of (-8 - -12) + 14 + (-3 - 5)?
10
What is the value of -9 - (-1 - (47 + -19))?
20
Calculate 8 + 1 - ((-12 - -21) + (-10 - 0)).
10
What is the value of (3 - -2) + (-16 - (-3 + -3 + 8))?
-13
Calculate -33 + 33 - (1 + 13 + -4).
-10
11 + 10 + -12 + 12 + -4
17
Evaluate -13 + -35 + 71 + -34.
-11
What is the value of 9 - 4 - (-8 + (-3 - -4))?
12
Calculate 1 + 25 - (31 - (59 + -33)).
21
Evaluate 12 + 8 + -8 + -11 - 0.
1
7 + (-5 - -8) - (0 + 6) - -3
7
What is 3 - (6 - (3 + -3 + -2))?
-5
Evaluate (-10 - -12 - (8 + (-3 - -1))) + 13.
9
Evaluate (-5 - -13) + -3 + -12.
-7
Evaluate 27 - (-1 - -27 - 13).
14
What is 11 + (-24 + (11 - 0) - 7)?
-9
Evaluate -1 + (8 - (-7 + 15)) - (-2 - 0).
1
5 + ((-5 - -5) + -8 - (0 - -13))
-16
What is 17 + -15 + -2 + 5 + 0?
5
What is the value of -3 - (2 - 0) - (-12 + 25 - 11)?
-7
-3 + (3 - (11 + -23))
12
Evaluate (-3 - (2 - 2)) + 72 + -72 - 2.
-5
Calculate 7 + 0 - (-6 - (2 - (6 - 0))).
9
Evaluate -26 + (37 + -23 - 15).
-27
Evaluate 6 - (2 + -2 - 5).
11
What is 31 - (-28 + 36) - 22?
1
Evaluate 0 + -4 + -1 + -8 + (-2 - -6).
-9
Calculate (3 + -27 - -23) + -8.
-9
What is the value of 13 + (20 + -13 - 10)?
10
What is the value of -1 + (-1 - 14) - (-1396 + 1374)?
6
Calculate -8 + -9 + -1 + 14.
-4
What is -6 + 0 - (-30 - -20) - (2 - -19)?
-17
What is 4 - (-9 + 1 - 2) - 9 - -6?
11
What is 10 + -1 + (1 + -3 - (131 - 135))?
11
-2 - (8 - (-11 - -9))
-12
What is the value of -846 + 847 - (-30 + 2)?
29
Evaluate 4 + -7 + 3 + 4 + 6.
10
(-16 - -10 - 18) + 37
13
What is 16 - 2 - (-38 - -41) - -2?
13
Evaluate -38 - (11 - (-13 - -87)).
25
What is -8 + -16 + 18 + -3 + 14 + 12?
17
Evaluate -3 + 1 - ((77 - 83) + 3 + -1).
2
What is the value of -14 + 8 + -1 - -6?
-1
What is -22 + 28 + (37 - 30)?
13
28 + 16 + -3 + 1 + -18
24
-16 + 20 - 17 - (-38 - 5)
30
What is the value of -7 - (4 - (0 - 3) - 2)?
-12
12 + 0 - (-299 - -301)
10
Evaluate 28 + 0 - (-183 - -214).
-3
What is (14 - 6) + (0 + (2 - 1) - -1)?
10
Evaluate (-11 - 1) + (-15 - 38) + 41.
-24
Evaluate 0 + 3 + -3 - ((-15 - -1) + -1).
15
Calculate 3 + -9 + (-5 - (-8 - -6) - -4).
-5
Evaluate (16 - -14) + 14 + (-7 - 9).
28
What is 2 + -1 + 9 + -30 + 8?
-12
What is the value of 8 - ((-10 - -5) + 16)?
-3
Evaluate 6 + 15 + -23 + 20.
18
What is the value of -4 + 3 - (-4 + -5 - -9) - -10?
9
Calculate -2 + 11 - (-13 - (-13 + -8)).
1
(-9 - -19 - -2) + -5 + 12
19
Calculate -22 - (-16 + -7 + (-9 - (-4 - 21))).
-15
What is the value of 5 + -1 + -9 + 17 + -12?
0
-1 + 58 + -75 + 37 + 19
38
Evaluate -1 + 0 - (41 - 36).
-6
Evaluate 7 - (-12 - (-5 - 29)).
-15
What is the value of (-8 - (1 + 3)) + -22 + 13 + 24?
3
What is 14 + -17 + 18 - 19 - -15?
11
What is -8 + (-19 - (9 + -24))?
-12
What is 0 + -5 + -7 + -7 + 7?
-12
Calculate -3 + 7 + -26 + 9 + 7 + -6.
-12
What is -17 + (-20 - (18 - 37))?
-18
Calculate (3 + -9 + (8 - 2) - 0) + -20.
-20
Calculate -1264 - -1270 - ((-1 + 2 - -9) + -2).
-2
What is 2 + (14 - (-4 - -9)) - 5?
6
What is 4 - ((6 - 4) + -3) - 7 - 13?
-15
-4 + (3 - -13) - 1
11
What is the value of -76 + 89 + (-4 - (8 + -7))?
8
Evaluate -3 + 30 - (156 + -141).
12
Evaluate ((0 - -27) + 17 - 19) + -6 + -1.
18
-143 - -102 - (-3 + -2 + -8)
-28
Evaluate (-4 - -4) + (6 - (7 - (6 - 1))).
4
What is the value of -3 + ((10 - 7) + -4 - 2 - 3)?
-9
What is -1 + 9 + (3 - (21 - 8 - 6))?
4
16 - 31 - -12 - (2 - -2)
-7
Calculate (4 - (3 + -3)) + (98 - 123).
-21
What is the value of -22 + -10 + 22 + -3 + 21?
8
Calculate -77 + 77 - (-12 - -1).
11
What is the value of 1 + -9 + ((-9 - 11) + 12 - -5)?
-11
What is the value of 1 + -4 - -2 - (6 - (17 + -14))?
-4
What is the value of 28 + -19 - 23 - 1?
-15
What is the value of -8 - (15 + -7) - 8 - -7?
-17
What is the value of (23 - 9 - 9) + (24 - 7)?
22
What is (22 - -1) + (175 - 177)?
21
What is the value of -4 + -8 - (-2 + 11 + -13)?
-8
What is the value of 6 + (1 + -6 - 6) - (2 - 22)?
15
What is the value of -12 + 23 - -1 - -8?
20
Evaluate -46 - -30 - (3 - (-3 + (2 - 4))).
-24
Evaluate -8 - ((6 - (22 + -8)) + 4).
-4
What is -13 - -5 - -12 - (1 - -12) - -7?
-2
What is the value of (-1 - -3) + -23 + -445 + 448?
-18
Calculate 29 + -34 + 1 + -3 + 3.
-4
Evaluate -31 + -13 + -12 + 0 + 3 + 16.
-37
What is the value of (2 - -3 - (-3 + -5 + 20)) + 4?
-3
(12 - 28) + 14 - 6
-8
What is the value of -2 + (12 + -26 - (-10 - 0))?
-6
Calculate 15 + -10 + 12 + -8.
9
What is (-34 - (-4 + (1 - 2))) + (28 - 23)?
-24
19 + 2 - (-262 - -285)
-2
Evaluate 1 + 1 + 13 + -12 - (-7 - -1).
9
Evaluate 31 + -20 + -1 + 15 + -6.
19
Calculate -7 + 8 + (14 - 15 - (13 - -1)).
-14
What is the value of -14 - -2 - (-301 - -302)?
-13
Calculate 21 - ((18 - 5) + 4).
4
Calculate -12 + (9 + 1 - 9) + 9.
-2
Evaluate (-25 - (7 - (5 - -5 - 0))) + 3.
-19
What is the value of 7 + -2 + (-4 - (7 + -6))?
0
What is the value of (5 - (29 - 2)) + 14?
-8
What is the value of 10 - ((-9 - -60) + -26)?
-15
What is -19 - (-24 + 36 - (-1 - -29))?
-3
Wh